base 9, what is 86 + -4262?
-4165
In base 13, what is 307cc + -31a?
304b2
In base 15, what is -13 + 1385c0?
1385ac
In base 7, what is 11353 - 201515?
-160132
In base 9, what is -1081015 - 31?
-1081046
In base 13, what is -8462 - -33?
-842c
In base 16, what is 13d054 + -4?
13d050
In base 14, what is bbc0381 - 4?
bbc037b
In base 2, what is -1000001 - 101100101000001101011101?
-101100101000001110011110
In base 16, what is -6 + -444ac0?
-444ac6
In base 16, what is -8d0b + 32?
-8cd9
In base 4, what is 121021 - 113030320?
-112303233
In base 8, what is 1 + -16676234?
-16676233
In base 2, what is 1 + -10001010110110100101000?
-10001010110110100100111
In base 16, what is 85cc6c0 - 3?
85cc6bd
In base 3, what is -1020 - -110112221?
110111201
In base 12, what is 1a + 863961?
86397b
In base 11, what is 55854 - 442a?
51425
In base 10, what is -4 - 58287358?
-58287362
In base 11, what is -4750 + -19164?
-22904
In base 14, what is -b9755 + -d?
-b9764
In base 8, what is -5 + 23501606?
23501601
In base 2, what is -11010001 + 1100000100101000011?
1100000100001110010
In base 16, what is 22 - 65e420?
-65e3fe
In base 10, what is 3901 - 442?
3459
In base 15, what is 10ad7d8 + 2?
10ad7da
In base 8, what is -61775022 + 7?
-61775013
In base 7, what is -2633415 - -56?
-2633326
In base 3, what is -101100002211202212 + 12?
-101100002211202200
In base 10, what is 206856 - -2424?
209280
In base 6, what is -1543 - -12141403?
12135420
In base 14, what is -5c19c640 + -1?
-5c19c641
In base 3, what is -22101002021200102 + 12?
-22101002021200020
In base 6, what is -4314 - 2243224?
-2251542
In base 11, what is 132 + 9a3a0?
9a522
In base 2, what is -110010000101111011 + 10000001?
-110010000011111010
In base 9, what is 15310 + 11687?
27107
In base 8, what is -62 + -2105157?
-2105241
In base 2, what is -110011 + 11101111101101001?
11101111100110110
In base 11, what is -74629473 - -3?
-74629470
In base 14, what is -6c29422 + -1?
-6c29423
In base 3, what is -2100101 - -10211?
-2012120
In base 14, what is 4b54588 - -17?
4b545a1
In base 12, what is 35727 + -b9?
3562a
In base 13, what is 15940391 - 5?
15940389
In base 4, what is 20312111203203 + -1?
20312111203202
In base 11, what is -34 - -318076?
318042
In base 5, what is 21403111400 - 122?
21403111223
In base 14, what is -10c + -923?
-a31
In base 2, what is -1011100001000111100101 - -11?
-1011100001000111100010
In base 11, what is 268733 + 1424?
26a057
In base 8, what is 130114 - 127172?
722
In base 5, what is -14410 - 12230?
-32140
In base 6, what is -5313124255 + 1?
-5313124254
In base 3, what is 111011101011021 + -22120?
111011100211201
In base 6, what is 1 - -2053102042?
2053102043
In base 15, what is -309 - a6e0?
-a9e9
In base 14, what is -1 + -2db7466?
-2db7467
In base 13, what is -1764816a + -9?
-17648176
In base 12, what is 18705832 - 6?
18705828
In base 6, what is 25321 - 153441?
-124120
In base 8, what is -13370000 - -45?
-13367733
In base 3, what is -101212010 + 211012211?
102100201
In base 12, what is -3 - -2990154?
2990151
In base 16, what is -1a8ab - -a?
-1a8a1
In base 8, what is 3 + 25445021?
25445024
In base 10, what is -10252094 - -3?
-10252091
In base 7, what is 14403 - 163326?
-145623
In base 13, what is -4293 + -36112?
-3a3a5
In base 16, what is -2 - 269d1a?
-269d1c
In base 13, what is 0 + 46747a5?
46747a5
In base 16, what is 3 - -36addcc?
36addcf
In base 15, what is 3 + -463aab?
-463aa8
In base 5, what is -1231223 - 1230?
-1233003
In base 11, what is 1 - -203a748?
203a749
In base 2, what is -10000 + -100111100001111011000011?
-100111100001111011010011
In base 3, what is -221100002202100 - -22?
-221100002202001
In base 8, what is -20746334 + -33?
-20746367
In base 7, what is 43544054224 + -5?
43544054216
In base 10, what is 6345 - -1848?
8193
In base 10, what is 887801 - -6?
887807
In base 16, what is 140a3 - -1d?
140c0
In base 16, what is 6a0f4 - 3?
6a0f1
In base 7, what is 234506 + 3311?
241120
In base 15, what is 111 - 805b5?
-804a4
In base 9, what is -2283214 - -10?
-2283204
In base 4, what is -3111310 - 2332?
-3120302
In base 10, what is 20 + -11862459?
-11862439
In base 13, what is 3134 + -1a83a?
-17706
In base 11, what is -7 - 308186?
-308192
In base 12, what is -18484162 + -3?
-18484165
In base 9, what is 4411 - 476174?
-471663
In base 11, what is a75102 + 140?
a75242
In base 9, what is -103871 + 172?
-103688
In base 14, what is cc25c + -1?
cc25b
In base 13, what is -2341cb9 + 4?
-2341cb5
In base 3, what is -1011012200020 - 120?
-1011012200210
In base 11, what is 139a - -69319?
6a708
In base 6, what is 13021 - -1024?
14045
In base 16, what is -1c19 - -b8?
-1b61
In base 12, what is -50 - -12ab11?
12aa81
In base 6, what is 10513 - -12301051?
12312004
In base 15, what is -219a3b + -1?
-219a3c
In base 13, what is b1b60 + -37?
b1b26
In base 12, what is -15 + -404b271?
-404b286
In base 6, what is 211143413 - -15?
211143432
In base 15, what is -7e - b8c0?
-b94e
In base 6, what is -3 + 4051001224?
4051001221
In base 10, what is 1192593 - -18?
1192611
In base 15, what is 13 - -89113?
89126
In base 2, what is 1100100010 - 111010110110110111?
-111010101010010101
In base 16, what is 85 - -8456?
84db
In base 12, what is -15a622 + -16a?
-15a790
In base 5, what is 143044443140 + 1?
143044443141
In base 2, what is -10110011101000 - -11011000011?
-10011000100101
In base 10, what is 8933 - 1?
8932
In base 3, what is -10100001 + 202110100?
122010022
In base 12, what is -5 - 199746b8?
-19974701
In base 9, what is -4161 - 16276?
-21447
In base 10, what is -1844 + 4510?
2666
In base 4, what is 11120 + 331113321?
331131101
In base 9, what is -32206 + 213?
-31883
In base 2, what is 1001001101111000101110 - -1010?
1001001101111000111000
In base 2, what is 100111010000011110011000 + 100110?
100111010000011110111110
In base 10, what is -14937 + -156?
-15093
In base 9, what is 70873 - 232?
70641
In base 16, what is -80d189 + -2?
-80d18b
In base 6, what is 11332405 - -35?
11332444
In base 14, what is 48c04 + 52?
48c56
In base 6, what is 32040530 + 4125?
32045055
In base 3, what is 20002221121 - -101121?
20010100012
In base 2, what is 100 - -100000101001000000100?
100000101001000001000
In base 15, what is cd7 + -1c8?
b0e
In base 13, what is -1b5 - 997b?
-9b63
In base 6, what is -50350 + 1102?
-45244
In base 4, what is -133330331202211 + 10?
-133330331202201
In base 10, what is -7 + -94231787?
-94231794
In base 15, what is -447 - 3923e?
-39686
In base 7, what is -1103053614 + 5?
-1103053606
In base 7, what is 4 - 1001433503?
-1001433466
In base 7, what is 2554 + -4355233?
-4352346
In base 13, what is -575 - 19856a?
-198b12
In base 10, what is -25516911 + -3?
-25516914
In base 12, what is -1 + 255a9415?
255a9414
In base 4, what is 1 - -2331231310?
2331231311
In base 11, what is 2139886 - -31?
2139907
In base 7, what is -324422 - 541?
-325263
In base 14, what is -8a - 55c5b9?
-55c665
In base 13, what is -172b859 - 3?
-172b85c
In base 15, what is -5 + -180ec53?
-180ec58
In base 2, what is -11101111001 + 1001011101110010011?
1001011010000011010
In base 11, what is -aa - 2838?
-2937
In base 3, what is -2201210121 - -1?
-2201210120
In base 4, what is -2 + 113113101113?
113113101111
In base 8, what is 146 + 314206?
314354
In base 16, what is 2 - -228a86?
228a88
In base 13, what is -ab7 - 10a73?
-1185a
In base 4, what is -11 + 3100222001011?
3100222001000
In base 14, what is -1a - 87b81?
-87b9b
In base 4, what is -103010 - -12010220?
11301210
In base 16, what is -9aa - 34bb?
-3e65
In base 4, what is 231312222 - -1?
231312223
In base 12, what is -16 + 23a566?
23a550
In base 11, what is 4 + -754182?
-754179
In base 10, what is -104942 - -63?
-104879
In base 16, what is -8 - -c1ceff?
c1cef7
In base 3, what is -120 + -100221101200012?
-100221101200202
In base 8, what is 123 + -50056716?
-50056573
In base 10, what is 99 - -18478523?
18478622
In base 3, what is -1110120202012201221 - 2?
-1110120202012202000
In base 16, what is -22 - d79f00?
-d79f22
In base 11, what is -1094 - -517?
-678
In base 5, what is 110243 - 3431324?
-3321031
In base 3, what is 1112111222211 + 2210?
1112112002121
In base 10, what is -163 + 2697725?
2697562
In base 9, what is 1117 + 70573?
71701
In base 15, what is ac + -30ac80?
-30abc3
In base 2, what is -1010011001001111011